= 3*g + 2*m - 564, 3*g = m + 564. Let v = g - 99. Is v a composite number?
False
Let x(z) = 10*z**2 - 30*z - 17. Let p be x(21). Let g = p + -2082. Is g prime?
False
Let j be ((-2)/6)/(-1) - 9/27. Suppose 0 = -2*w - 2*t + 156, w - 88 = -j*t + t. Is w composite?
False
Suppose 0 = -2*g - 3*q + 16, -2*g + 2*q - 4 = -0. Let b = 4 + -3. Is b/2 + 109/g composite?
True
Suppose -3*m + 48869 = -74362. Is m a prime number?
True
Let t = -5 + 7. Suppose -5*c + 54 = t*z, 0*z + 5*c + 12 = z. Is z composite?
True
Suppose 2*h - 5075 - 1319 = 0. Is h a composite number?
True
Let c be -3 - ((4 - 0) + -1). Let n(f) = f**3 + 7*f**2 - 11*f - 13. Is n(c) prime?
True
Let a be 3/((-6)/40)*21/12. Let h be 35/(-1)*(-4)/(-10). Is (-8765)/a + (-8)/h prime?
True
Let d(u) = 4278*u - 463. Is d(10) prime?
False
Let s = -71 - -71. Is s + -299*(0 - 1) a composite number?
True
Is 12/(-15)*(-1135)/2 composite?
True
Let k = 14379 - 5636. Is k a prime number?
False
Let g = 130219 + -89306. Is g composite?
True
Suppose 0 = l + 1 - 5. Suppose l*j - 2*n = -0*n + 2126, 4*j - 5*n = 2141. Is j a composite number?
True
Let z = -109 - -196. Suppose -w + 0*w = -z. Suppose 0 = -3*i - 3*f + w, 23 = i - 0*i + 4*f. Is i prime?
True
Let h be (8/10)/((-38)/(-95)). Let s = h + 3. Let g = s - -153. Is g a prime number?
False
Suppose i + 19184 = 3*i + 2*v, 2*i - 2*v - 19164 = 0. Is i prime?
True
Let v = -4 + 3. Is (-4)/((-16)/(-1028))*v prime?
True
Let v(m) = -3*m - 6. Let x be v(-4). Suppose 0*y + 70335 = 5*r - 5*y, 0 = 2*y - x. Suppose -9*l = -r - 2931. Is l a composite number?
False
Let k = 95 - 53. Suppose 2*f = 3*f + k. Let u = f - -95. Is u prime?
True
Let z(p) = 659*p**2 + 4*p + 3. Let b be z(-2). Suppose -6*r = -9*r + b. Is r a composite number?
False
Suppose -5*g - 40060 = -15*g. Is g composite?
True
Let s be 2*(-2)/4 + 5 + -1. Is 1 + ((-3 - -294) + s - 0) a prime number?
False
Suppose 2*b = 5*b + 12. Let n = 8 + b. Suppose -n*x + 1804 = -0*x. Is x a composite number?
True
Suppose 0 = 4*b + b + 120. Let y be (-32)/(-72)*-32 + (-2)/(-9). Let q = y - b. Is q composite?
True
Suppose -22*u + 21*u + 1409 = 0. Is u a composite number?
False
Suppose -60 = -6*d + 60. Let l = d - 15. Suppose -4*z = -l*o + 279, 5*o + 2*z = -0*o + 273. Is o a composite number?
True
Suppose 0*t - 2*t + 2 = 0, 5*x - 13 = -3*t. Suppose 2*o - 2*y - x*y - 2366 = 0, -2*y + 1191 = o. Is o composite?
False
Let g(w) = 2*w**2 + 2*w - 2. Let b be g(-3). Is 0 + 4/(-20) + 492/b prime?
False
Suppose 2*g + 3*g = 25. Suppose 0*p + 5*p = -g. Let m(v) = -58*v + 1. Is m(p) composite?
False
Let o be (-194 + -2)/((-2)/(-2)). Let w be o/(-6) + (-4)/6. Suppose -5*z + w + 3 = 0. Is z composite?
False
Suppose 5*k + 5*u - 295 = 0, 77*u = 5*k + 78*u - 295. Is k composite?
False
Suppose -5*z + 7275 = -5*a, 4*a - 3840 = -3*z + 497. Let u = 4410 - z. Is u composite?
True
Suppose -3*a + 20 = 5*k - 15, 2*a + 10 = 5*k. Let j(y) = 4*y**2 + k*y**2 + 109*y - 7 - 117*y. Is j(-5) prime?
True
Suppose -2133375 = -65*z + 1522940. Is z a composite number?
True
Let q(d) be the third derivative of d**5/15 + d**4/12 + 23*d**3/6 - 22*d**2. Is q(-5) a composite number?
False
Let d = -15220 - -27405. Is d a composite number?
True
Is (-68)/272 - (-127146)/8 prime?
False
Let g = 15667 - 5378. Is g prime?
True
Let y(m) be the second derivative of m**7/210 + m**6/180 - 7*m**5/120 - 7*m**4/12 + 4*m. Let j(t) be the third derivative of y(t). Is j(6) a composite number?
False
Suppose -19 = -4*u - 11. Suppose -13482 = u*o - 8*o. Suppose 5*f = o - 272. Is f prime?
False
Let x = -168 - -111. Let o = x - -364. Is o composite?
False
Suppose -10*n + 7*n = 0. Is (22 + 360)/(n + (0 - -2)) composite?
False
Suppose 2 = 4*o - 2*b, -3*o - 4*b + 6 = -o. Suppose w + 5*p = -16, 2*w - p = -2*w - o. Is (106/w)/((-4)/2) a composite number?
False
Let y = -2795 - -4732. Is y prime?
False
Let u = 4052 - 2653. Is u a prime number?
True
Suppose w = -0*w + 2*d + 5, 11 = w + 4*d. Let b be (w + -4)/(9/6). Suppose -3*o = -2*n - b*n + 637, 311 = 2*n - 3*o. Is n composite?
False
Let g be (-223)/(-4) - (-21)/(-28). Let k be (-24)/(-10) - (-33)/g. Suppose 18 = -k*t + 183. Is t prime?
False
Suppose 359 = -5*l + 3899. Suppose 0 = 2*b - l - 554. Is b a composite number?
False
Let m be 3/((8 + -4)/(-4)). Is m*(4 + -37 - -2) composite?
True
Let j = 1217 - 757. Suppose 35*p - j = 31*p. Is p a composite number?
True
Let a = 157 - -682. Is a a prime number?
True
Let u be 5 - (-1 + 3 - 4). Suppose u*i = i + 11082. Is i composite?
False
Suppose -11385 - 9752 = -23*c. Is c prime?
True
Suppose -2*j + 8*j + 25836 = 0. Let a = j - -6455. Is a a prime number?
False
Let h be 608 + -3 - (-3 + -1). Suppose -146*w + 143*w = -h. Is w a prime number?
False
Suppose -21 = -5*q + 4. Suppose -32 = -4*d + 3*g, q*d + g = -3*g + 9. Suppose -3*r - 5*x + 133 = -38, 0 = d*r + 3*x - 285. Is r a composite number?
True
Is (9/(-6))/(55140/(-13784) - -4) composite?
True
Suppose -33*o = -30*o - 642. Let y = o - -397. Is y composite?
True
Is 6/(-2)*(1 + (-2166)/9) a prime number?
True
Suppose 6652 = 3*p - 785. Is p prime?
False
Let r(j) = -j**3 - 3*j**2 + 3*j - 1. Let y be r(-4). Let g(u) = 3*u**2 + 8*u**3 + 1 + 2 + 8*u**y - 4*u - 2*u**2. Is g(2) a prime number?
True
Let s(y) = -3*y - 14. Let k be s(-6). Suppose 3*i - 2*h = 161, -52 = -i + 3*h - k*h. Is i a prime number?
True
Let g be 20/5 + -2 + 0/(-1). Suppose h = 3*s - g*h - 2913, 2*s - 1942 = 3*h. Is s prime?
True
Suppose 2*z = -0*z - 1338. Is z*1*(-6)/18 prime?
True
Suppose 2*p + 3*p + 5*p = 0. Suppose p*r + 11683 = 7*r. Is r a prime number?
True
Suppose -3*o = 4*m - m - 18, 4*o - 14 = -2*m. Let q(s) = 8*s**3 + s**3 - 3 - 2*s**2 + 7 - 3*s + m*s. Is q(3) composite?
True
Let x be (3 + (-20)/12)*3. Suppose 2*o - 4*u - x = 0, 3*o - 2*u = u + 9. Suppose o*j = 3*c - 1011, -2*c + 4*j - j = -674. Is c a prime number?
True
Suppose 4*w - 3*x + 7721 = 0, w - 3*x = -462 - 1475. Let z = w + 2723. Suppose -z = f - 4*f. Is f a composite number?
True
Let v(u) = -3*u + 1. Let f(r) = r**3 + 6*r**2 - r - 4. Let p be f(-6). Suppose -z + 3*z - p = -3*k, 3*k = 4*z - 22. Is v(k) composite?
False
Suppose 1228*g + 188090 = 1238*g. Is g prime?
False
Let o be (-2)/(-5) + (-265)/(-25) + -6. Suppose -h = -0*h - o*n - 1405, -3*h + 2*n + 4163 = 0. Is h a composite number?
True
Let j = -43638 - -67835. Is j composite?
False
Let w = 29732 - -17949. Is w a composite number?
False
Let x be (-13)/(0 + (-3)/(-12)). Suppose 4*u - 10 = 2*p - 3*p, 0 = -4*u + 12. Is x*-10*p/(-16) a composite number?
True
Let t(c) = -c**2 + 12*c + 8. Suppose -2*f + 1 = -a, -4*f - 31 = -5*a - 6. Let b(z) = -2*z**2 + 24*z + 15. Let q(r) = a*t(r) - 4*b(r). Is q(11) a prime number?
True
Is 6/(-15)*(-1353025)/10 a prime number?
True
Is 7/3 + 748104/252 composite?
False
Let v = 4687 - 3264. Suppose v = 16*d - 15*d. Is d a prime number?
True
Let f = -1469 + 780. Let l = 1092 + f. Is l composite?
True
Let k(o) = -o**2 + 2*o + 8. Let b be k(6). Let p be (-3)/8 - (-10026)/b. Let n = -442 - p. Is n prime?
False
Let q = -327 - -1103. Suppose -2 = -i, -7*i + q = 2*z - 2*i. Suppose -5*m = -s - 1903, -2*m = -3*m - s + z. Is m composite?
True
Let s = 49420 + -30549. Is s a composite number?
True
Is 2/(3 + (-5077)/1693) composite?
False
Let c = 5301 + 3730. Is c a composite number?
True
Let i be 45/6*(-8)/(-12). Suppose 4*c + i*d - 2*d - 19 = 0, 15 = 3*d. Is c*4 + (-7707)/(-21) a prime number?
False
Is 52/4*666 + 5 a composite number?
False
Let m be (-48)/30*5/(-2). Suppose -1080 = m*l - 0*l. Let k = 397 + l. Is k composite?
False
Let t = 86455 - 11802. Is t prime?
True
Let h(q) = 4*q**3 + 22*q**2 + 11*q + 1. Is h(8) prime?
False
Suppose 0 = -2*s - 10, 34902 = n - s - 24696. Is n prime?
False
Let s(f) = 69*f**2 + 3*f - 87. Is s(8) composite?
True
Let d(l) = 5*l + 2. Let c be d(4). Suppose 16*k - c*k + 498 = 0. Is k prime?
True
Suppose -8*r = -2 - 22. Suppose r*h - 2*v = 8*h - 5823, 4*h = 3*v + 4640. Is h a composite number?
False
Suppose 172*v + 87659 = 185*v. Is v composite?
True
Let h(s) = 316*s**2 - 25*s + 14. Is h(-9) composite?
True
Let x(c) = c**3 - 7*c**2 + 3*c - 7. Let t be x(9). Let a = -97 + t. Is a a composite number?
True
Suppose -2*z = 0, -2*b - b + 5*z = -4926. Is (b/1)/(6 + -4) a composite number?
False
Let t = 654 + -647. Let x(q) = 120*